Determine n(342).
-18
Let m(j) = -j**2 - 820107*j - 17221810. Give m(-21).
-4
Let o(p) = 5*p**2 - 358*p - 8488. What is o(-25)?
3587
Let z(q) = 54*q**2 - 3276*q - 29. Determine z(60).
-2189
Let h(l) = -139*l - 5809. What is h(-43)?
168
Let a(g) = 3*g**2 - 1636*g + 175680. Give a(147).
15
Let t(d) = d**3 + 26*d**2 + 112*d - 160. What is t(-20)?
0
Let n(x) = -23*x**3 - 3425*x**2 + 288*x - 1492. Calculate n(-149).
-2
Let a(k) = 10*k**2 + 1832*k - 7319. Calculate a(4).
169
Let c(m) = -148*m + 5801. What is c(5)?
5061
Let g(o) = 3*o**2 - 147*o + 44. What is g(7)?
-838
Let g(j) = -j**3 + 166*j**2 + 10546*j - 2372. Give g(215).
-7
Let y(j) = -67*j**2 + 2999*j - 2247. What is y(44)?
-3
Let x(q) = -27*q**2 - 1775*q - 8224. Calculate x(-5).
-24
Let s(r) = r**3 + 4*r**2 - 262*r - 1048. Give s(-4).
0
Let d(v) = -317*v - 67592. Determine d(-211).
-705
Let c(w) = 7*w**2 + 240*w - 1017. Calculate c(4).
55
Let o(x) = 5*x**2 + 2577*x + 23858. What is o(-506)?
76
Let u(y) = -y**2 - 19855*y - 1739247. Give u(-88).
249
Let w(u) = 181*u**2 - 129015*u - 27082. Determine w(713).
12
Let i(s) = s**3 + 37*s**2 + 392*s + 14881. Give i(-37).
377
Let d(v) = -v**3 - 8*v**2 - 953*v + 21389. Calculate d(16).
-3
Let i(s) = 1463*s - 198987. Give i(136).
-19
Let n(s) = s**2 + 12588*s + 2062071. Determine n(-166).
19
Let w(l) = 23*l**2 - 7367*l + 14742. Give w(2).
100
Let g(m) = 6459*m - 439270. Determine g(68).
-58
Let t(q) = -63*q**2 + 294*q - 93. Calculate t(5).
-198
Let j(s) = -3*s**3 - 17*s**2 + 3218*s + 16134. What is j(-5)?
-6
Let w(z) = 18*z - 1213. Calculate w(-87).
-2779
Let x(v) = -v**2 + 493*v - 27392. Give x(67).
1150
Let z(n) = -1706*n + 576504. What is z(338)?
-124
Let b(m) = m**2 - 316*m + 5471. What is b(20)?
-449
Let p(s) = s**3 + 13*s**2 + 12*s + 40. Calculate p(-8).
264
Let x(b) = -b**3 - 15*b**2 + 345*b + 5156. Calculate x(-16).
-108
Let d(m) = -10387*m + 1516507. Calculate d(146).
5
Let k(r) = -28464*r + 797033. Give k(28).
41
Let m(d) = 244*d**2 + 52212*d - 832. What is m(-214)?
24
Let b(x) = -x**3 - 6*x**2 + 2863*x + 20151. Give b(-7).
159
Let i(v) = -v**3 + 25*v**2 - 9109*v + 208453. Determine i(23).
4
Let y(w) = 90*w**2 + 114*w + 307. What is y(-3)?
775
Let n(p) = -85*p**3 + 1274*p**2 + 11*p - 28. Give n(15).
-88
Let s(q) = 8874*q - 115469. Determine s(13).
-107
Let p(z) = 10375*z + 352734. Give p(-34).
-16
Let l(k) = -8*k**2 - 1752*k - 21380. What is l(-206)?
44
Let r(t) = -934*t - 37402. Give r(-40).
-42
Let p(m) = 1548*m - 9020. What is p(6)?
268
Let n(s) = -6*s**2 - 3866*s + 14113. What is n(-648)?
-143
Let r(j) = j**3 - 23*j**2 + 91*j + 67. Determine r(18).
85
Let q(b) = -15*b**3 - 78*b**2 + 698*b + 3563. Give q(-5).
-2
Let w(r) = -15*r**2 + 1390*r + 496. What is w(93)?
31
Let v(i) = -2*i**2 + 2411*i - 40402. What is v(17)?
7
Let r(q) = 10*q**2 + 3037*q - 3037. Determine r(1).
10
Let b(s) = 89*s - 198. Calculate b(-8).
-910
Let l(r) = 243*r + 14093. What is l(-58)?
-1
Let s(o) = -2*o**3 + 181*o**2 - 269*o + 124. Determine s(89).
-54
Let u(d) = -16*d**2 - 631*d + 25772. Calculate u(25).
-3
Let d(c) = -220*c**2 + 12108*c - 379. Determine d(55).
61
Let l(d) = 15*d**2 + 263*d + 575. Give l(-15).
5
Let w(g) = 1991*g + 17977. Give w(-9).
58
Let g(a) = -a**3 + 162*a**2 - 329*a + 1505. Calculate g(160).
65
Let p(h) = -2*h**3 - 155*h**2 - 2774*h - 6349. Calculate p(-52).
-5
Let f(x) = 95*x**2 - 1881*x - 9055. Calculate f(-4).
-11
Let g(m) = -5412*m + 16223. Calculate g(3).
-13
Let p(v) = 3519289*v - 3519320. What is p(1)?
-31
Let d(h) = 3*h**3 + 36*h**2 - 964*h - 12213. Determine d(-13).
-188
Let j(f) = -2*f**3 - 43*f**2 + 1040*f + 21611. Determine j(-19).
46
Let i(v) = v**3 + 52*v**2 - 51*v - 5225. Give i(-51).
-23
Let f(x) = 3875*x - 42637. Give f(11).
-12
Let m(r) = 39*r**2 + 1190*r - 4749. Calculate m(4).
635
Let o(z) = 2*z**3 - 16*z**2 + 12*z - 42. Calculate o(11).
816
Let d(o) = 1898*o - 102465. What is d(54)?
27
Let s(k) = 2*k**3 - 49*k**2 + 67*k + 151. Determine s(23).
105
Let j(a) = -50913*a - 101885. What is j(-2)?
-59
Let x(j) = 134*j + 3214. What is x(-19)?
668
Let g(o) = -329*o + 15438. Determine g(40).
2278
Let w(r) = -19*r - 5220. Determine w(-170).
-1990
Let s(z) = -45*z**2 - 513*z + 65. What is s(0)?
65
Let x(i) = -162*i - 1246. What is x(-4)?
-598
Let t(p) = 12*p**3 - 19*p**2 + 15*p + 70. What is t(-6)?
-3296
Let i(y) = -3711*y**2 + 882*y + 881. Give i(-1).
-3712
Let s(g) = 12*g**2 + 24*g + 1358. Give s(0).
1358
Let c(f) = -4*f**3 - 6*f**2 + 109*f + 1. Give c(0).
1
Let n(b) = -b**3 - 5*b**2 + 109*b - 235. Give n(-13).
-300
Let o(v) = 2*v**3 - 408*v**2 + 1190*v + 202. Calculate o(201).
-3014
Let w(h) = -113846*h - 1593824. Determine w(-14).
20
Let m(a) = -73*a**2 - 8395*a + 63. Give m(-115).
63
Let q(o) = -22*o**3 + 4*o**2 - 42982*o + 42987. Give q(1).
-13
Let h(q) = 10348*q + 51443. Give h(-5).
-297
Let z(o) = -104*o - 7495. What is z(-69)?
-319
Let f(y) = 232*y - 10276. Calculate f(44).
-68
Let j(w) = -w**3 + 73466*w**2 + 1763760*w + 30. Give j(-24).
30
Let s(h) = 48*h**3 + 12*h**2 + 60*h - 480. Give s(4).
3024
Let b(p) = -p**3 - 10*p**2 + 54*p - 34. What is b(-14)?
-6
Let h(c) = -c**3 + 1066*c**2 + 94146*c + 829. Give h(-82).
9
Let s(a) = 46*a**3 + 55*a**2 + 104*a - 9. What is s(-2)?
-365
Let l(n) = 5655*n - 7074403. Give l(1251).
2
Let u(m) = 829*m - 134296. What is u(162)?
2
Let p(k) = -28*k**2 + 2261*k - 24663. Give p(13).
-2
Let r(g) = -32*g**2 + 3314*g + 1421. Calculate r(104).
-35
Let c(f) = f**3 + 28*f**2 - 163*f - 3078. Determine c(-30).
12
Let w(y) = -y**3 - 28*y**2 + 124*y + 67. Calculate w(-32).
195
Let t(c) = c**3 + 244*c**2 - 2550*c - 2184. Give t(-254).
356
Let z(k) = 4*k**3 + 19*k**2 + 54*k + 429. Give z(-6).
-75
Let l(r) = -9*r**3 - 342*r**2 + 116*r + 4420. Give l(-38).
12
Let a(q) = -1828*q - 20061. Give a(-11).
47
Let g(y) = 29*y**2 + 144*y + 38. Determine g(-9).
1091
Let v(z) = 19*z**3 + 211*z**2 + 466*z + 32. Calculate v(-8).
80
Let y(j) = -9409*j - 150541. What is y(-16)?
3
Let u(a) = -577*a**2 + 126*a + 333. Determine u(-3).
-5238
Let l(q) = q**3 + 197*q**2 + 5036*q + 4384. Determine l(-167).
42
Let k(p) = -4*p**3 - 46*p**2 - 142*p - 1965. Give k(-12).
27
Let n(q) = -4*q**3 + 641*q**2 - 1283*q + 11. Calculate n(2).
-23
Let r(h) = 156*h - 21766. What is r(138)?
-238
Let k(o) = o**3 + 265*o**2 + 17445*o - 164. Calculate k(-143).
-21
Let z(s) = -s**3 - 88*s**2 + 2240*s + 66. Give z(20).
1666
Let y(s) = s**3 - 243*s**2 - 2867*s - 118016. Determine y(256).
0
Let u(g) = -2010*g + 106482. Calculate u(53).
-48
Let b(a) = -5*a**3 + 154*a**2 + 12129*a - 139. Calculate b(67).
-5
Let a(q) = -47*q**2 + 1543*q - 229. Calculate a(33).
-493
Let l(a) = a**2 - 103*a + 225. What is l(109)?
879
Let v(w) = w**3 - 14*w**2 - 94*w + 1138. What is v(14)?
-178
Let i(f) = -2*f**2 - 489*f + 5661. What is i(-253)?
1360
Let i(u) = u**2 + 1112*u - 64153. What is i(55)?
32
Let p(g) = g**2 - 23686*g - 189549. Give p(-8).
3
Let u(h) = 2266*h - 52117. Determine u(23).
1
Let o(f) = f**3 - 48*f**2 + 370*f + 2229. What is o(36)?
-3
Let o(a) = a**3 - 234*a**2 - 709*a - 275. What is o(237)?
199
Let j(l) = -1508*l + 29759. What is j(20)?
-401
Let z(b) = b**3 - 143*b**2 - 10151*b - 574. Calculate z(-52).
-2
Let u(g) = g**2 - 153*g + 4816. What is u(44)?
20
Let q(s) = -1087*s - 77152. What is q(-71)?
25
Let b(r) = -6150*r - 18609. Determine b(-3).
-159
Let l(t) = 7269*t - 290728. What is l(40)?
32
Let z(h) = 830*h + 21039. Give z(-28).
-2201
Let h(v) = -5986*v**3 - 167608*v**2 - 38*v - 1067. Determine h(-28).
-3
Let s(j) = -14*j**2 - 184*j + 2810. Determine s(15).
-3100
Let k(l) = -l**3 + 21*l**2 - 10*l + 340. Give k(24).
-1628
Let k(q) = 2*q**3 - 168*q**2 + 36*q + 10768. What is k(83)?
-22
Let u(g) = g**3 - 17*g**2 - 348*g - 3. Determine u(29).
-3
Let q(r) = 199706*r - 2995595. Determine q(15).
-5
Let m(h) = -h**2 + 314*h - 18819. What is m(81)?
54
Let w(s) = 8*s**2 - 1304*s + 128. Give w(163).
128
Let g(u) = -2*u**3 + 266*u**2 - 294*u + 3570. Determine g(132).
-390
Let m(b) = 418*b**2 + 605*b - 603. Calculate m(1).
420
Let q(z) = -129*z - 25840. Give q(-193).
-943
Let o(v) = 5004*v - 4953. Give o(1).
51
Let b(y) = 458*y**2 + 5040*y - 10. What is b(-11)?
-32
Let f(v) = -82*v - 158. What is f(-2)?
6
Let s(y) = 633*y**2 - 174686*y - 6085. Calculate s(276